 = t - -305. Calculate the highest common divisor of o and 52.
26
Let w be (-100)/((-9)/(-3) + -2). Let k = w - -260. Let n be (-2 - 1)*k/(-12). What is the greatest common factor of 10 and n?
10
Let j(s) = 5*s - 1. Let w be j(6). What is the greatest common factor of w and 203?
29
Let j = -19 + 33. Suppose -356 = -5*w - 4*o, -5*o = -5*w + 131 + 234. Let i = w - 37. What is the highest common divisor of j and i?
7
Let b be (-1)/(-4) + (-158)/(-8). Let m be (-2)/(-4)*(20 - 12). Calculate the highest common divisor of b and m.
4
Suppose 2*q + h = -30, -4*q - 5*h = -q + 59. Let y be (9/(-2))/(q/26). What is the highest common divisor of 3 and y?
3
Let o be (10/(-15))/(2/(-24)). Suppose 3*i = 7*i - o. Calculate the greatest common divisor of 2 and i.
2
Suppose 10 = 2*z - 12. Let p(i) = 3*i + 7. Let l = 0 - -5. Let j be p(l). Calculate the highest common divisor of j and z.
11
Let i be ((-3 - -1) + 1)*-5. Calculate the highest common factor of 15 and i.
5
Let g = -12 + 15. Suppose 2*f + d = -1, -f + 4 - 17 = g*d. Calculate the highest common divisor of 1 and f.
1
Let f(u) = -2*u**3 + 5*u**2 + 9*u + 4. Let i be f(-4). What is the greatest common factor of 22 and i?
22
Let m(j) = 2*j - 1. Let n be m(1). Suppose 4*l = 38 - 2. What is the highest common divisor of l and n?
1
Let f be (4 - 10)*(-15)/18. Suppose 27 = 2*z - f*y, -4*z + 2*y = -138 + 44. Let c be (-79)/(-2) + 1/(-2). What is the highest common factor of c and z?
13
Let x(w) = 12*w**2 + 2*w - 2. Let s be x(2). Let f = 3 - -2. Suppose -4*q = f*a - 3*q - 100, a - 20 = -4*q. Calculate the highest common divisor of a and s.
10
Suppose 2*w = 5*w + 5*k - 435, -w + k + 137 = 0. Calculate the highest common divisor of w and 20.
20
Let v = -2 + -3. Let n(t) = -t**3 - 3*t**2 + 6*t - 2. Let a be n(v). What is the greatest common factor of a and 12?
6
Let l = 51 + -27. Calculate the highest common factor of l and 16.
8
Suppose k - 2*q + q = 28, 114 = 3*k + 3*q. Suppose -a - k = -4*a. What is the highest common divisor of 77 and a?
11
Let o = -10 + 20. Let z = 45 - o. What is the highest common factor of 7 and z?
7
Let t = 482 - 322. Suppose -7*i + 3*i = -t. Calculate the greatest common factor of i and 8.
8
Suppose z = -0*z + 176. Calculate the highest common factor of 16 and z.
16
Let t = -136 + 89. Let o = t - -173. Calculate the greatest common divisor of 14 and o.
14
Let g(b) = -b - 6. Let r be g(-5). Let n = r + 6. Suppose -5*k - n*x = -3*k + 6, k + 2*x = -2. Calculate the greatest common divisor of 18 and k.
2
Suppose -32 + 177 = b. Let u = b + -85. Calculate the greatest common factor of u and 24.
12
Let k be 4/(-10) + (-2948)/(-20). What is the greatest common factor of k and 21?
21
Suppose d - 6 = 3. Let q = 17 - -1. Let k = -9 + q. What is the highest common factor of k and d?
9
Let d(v) = -v + 12. Let m be d(9). Suppose 0 = q + m*q. Suppose q = -5*s + 51 + 4. What is the greatest common factor of s and 11?
11
Suppose 7*h = 2*h + 40. What is the highest common divisor of h and 16?
8
Suppose -h = -2*y - 16, -3*h - 3*y = 2*h - 80. Calculate the highest common divisor of 16 and h.
16
Let n = 110 - 70. Let j(g) = -2*g + 5*g + 4 - 3. Let q be j(3). What is the highest common divisor of q and n?
10
Suppose -5*k + 4*d + 241 = 0, -5*d - 69 = -3*k + 86. Calculate the highest common factor of k and 15.
15
Let q(h) be the first derivative of h**3/3 + h**2 + 3*h + 4. Let r be q(-5). What is the greatest common divisor of r and 12?
6
Suppose w - 2*w - 1 = -2*l, -l - 4 = -5*w. What is the highest common divisor of l and 25?
1
Let n(m) = 4*m**2 - 6*m + 1. Let c be n(3). Suppose -3*v = -k + v + 35, 16 = -4*v. Calculate the greatest common factor of k and c.
19
Suppose 2*x + 432 = 2*u, -u - 4*x - x + 192 = 0. Suppose 2*b + 0*f - u = -5*f, -2*f - 184 = -2*b. Let p = 10 + 2. What is the greatest common factor of b and p?
12
Let r = -33 - -37. Calculate the highest common factor of r and 16.
4
Let y = 122 - 171. Let m = 113 - y. What is the highest common divisor of m and 18?
18
Let b = -14 + 25. What is the greatest common divisor of b and 88?
11
Suppose z - 4 = 3*q, -z + 2*q = -6 + 2. Let i = 0 + -2. Let l be i/10 - (-324)/20. What is the highest common factor of l and z?
4
Suppose -p + 119 = -5*q + 8*q, 5*q = 5*p + 205. Calculate the highest common factor of 20 and q.
20
Let w be (-155)/31*(-42)/10. What is the highest common factor of w and 7?
7
Let l = 92 + -24. What is the highest common divisor of 17 and l?
17
Let g(d) = -d**2 + 11*d - 21. Let y be g(6). Calculate the greatest common factor of y and 3.
3
Suppose 11 + 33 = 4*d. Calculate the highest common divisor of d and 77.
11
Suppose 0 = -5*k + 2 + 13. Suppose -5*p + 2*z + 104 = 0, 0*z + 4*z = -2*p + 32. Suppose -k*x = -4 - p. Calculate the greatest common factor of 4 and x.
4
Let j be (20/(-6) + 3)*6. Let g be j - -14 - (4 - 1). What is the greatest common divisor of g and 72?
9
Let v(q) = -5*q**2 + 20*q + 1. Let f(n) = -2*n**2 + 10*n + 1. Let b(j) = -7*f(j) + 3*v(j). Let o be b(-8). Calculate the highest common factor of 96 and o.
12
Suppose 0 = 4*x + 4 - 16. Let f(h) = -h + 2*h**x + h**2 - 3*h**3 - 1 - 3*h**2 + 0. Let a be f(-3). What is the greatest common divisor of 77 and a?
11
Suppose -a - 8 = -4*i, -6*i = -4*i - 3*a - 14. Suppose g - 7 = i. Suppose 0 = 4*k - 3*k - 56. What is the greatest common divisor of g and k?
8
Let j = -111 + 113. What is the greatest common factor of 6 and j?
2
Suppose 32 = -b - 9. Let h = 47 - b. What is the greatest common divisor of h and 8?
8
Suppose 2*s = -x + 2*x - 3, -2*x + 6 = s. Suppose 3*i - 55 = 8. Calculate the greatest common factor of x and i.
3
Let b be -5 + (-8)/12*-75. Calculate the highest common divisor of 270 and b.
45
Let x be ((-32)/(-12))/(1/3). Suppose -3*r = -m + 33, m + 3*r - x - 7 = 0. Calculate the greatest common divisor of m and 16.
8
Suppose -4*u = -4*g - 27 - 29, -5 = -g. What is the highest common factor of u and 133?
19
Let x be (2/2)/1 - -12. Let z = x + -8. Suppose -8 = -2*r + r + z*t, -r + 9 = -4*t. What is the highest common divisor of r and 117?
13
Suppose 12*a - 250 = 7*a. Let b = 70 + 5. Calculate the greatest common divisor of b and a.
25
Let t = 55 + 5. Calculate the greatest common divisor of t and 150.
30
Let w(v) = -2*v**3 + 7*v**2 - 10*v + 8. Let y(h) = -h**3 - h**2 - h - 1. Let f(r) = w(r) - y(r). Let g be f(6). Calculate the highest common factor of 18 and g.
9
Suppose -138 = -3*w + 30. What is the greatest common divisor of 8 and w?
8
Let o(v) = v + 8. Let t be (2 + (-3 - -2))*-4. Let q be o(t). Suppose i - 3*a = 32, 8*a + 96 = 3*i + 4*a. What is the highest common factor of i and q?
4
Let o = -13 + 21. Suppose 42 = o*z - 2*z. Calculate the greatest common factor of 49 and z.
7
Suppose 3*w - 14 = -2. Suppose 2*n = 5*j - w*j - 18, 3*j = 5*n + 55. Suppose 2*r - j = -0*r. What is the greatest common divisor of r and 5?
5
Let u(j) = 2*j - 1 + 8*j + 9*j. Let k be u(1). Calculate the greatest common divisor of 72 and k.
18
Let w be ((-29)/(-3))/((-1)/(-3)). What is the highest common divisor of w and 29?
29
Let i = -51 + 55. Calculate the highest common factor of i and 2.
2
Let j(q) = -2*q**3 + q**2 - 2*q - 1. Let p be j(-2). Suppose 37 = 4*d - p. What is the greatest common factor of d and 5?
5
Let m(y) = -y**3 + 4*y**2 + y + 1. Let b be m(4). Suppose 2*g - b*r = -g + 156, 219 = 4*g - 3*r. What is the highest common factor of 38 and g?
19
Suppose 5*w - 99 = -5*r + 4*r, 341 = 3*r + 4*w. Calculate the greatest common divisor of r and 34.
17
Let r(t) = 2*t**2 - 7*t - 9. Let g be r(9). What is the highest common factor of g and 10?
10
Let v(b) = 0*b + 5 - 4*b + 3*b. Let n(o) = -o**3 + 4*o**2 - 5. Let f be n(4). Let c be v(f). Calculate the highest common divisor of 70 and c.
10
Suppose -13*w = -8*w. Suppose -b = -w*b - 8. Let a(h) = 2*h + 8. Let r be a(6). Calculate the greatest common factor of b and r.
4
Suppose 1139 + 1292 = 5*g - t, -4*t + 968 = 2*g. What is the highest common divisor of g and 18?
18
Let g = -5 + 19. Let t be (-113)/(-2) - (-1)/(-2). Calculate the highest common divisor of t and g.
14
Let z be 828/54 - (-1)/(-3). What is the highest common factor of z and 5?
5
Suppose -2*u + 13 = -3*d + 2*u, -3*u + 14 = 2*d. Let j be 8*((-2)/4 - -1). Let b = j + 0. Calcula